*w**2 - w. Give n(-6).
6
Let w(j) = -j + 11. Give w(8).
3
Let q(a) = -2*a - 13. Calculate q(-11).
9
Let n(u) = u**2 - 19*u - 72. Give n(22).
-6
Let b(q) = -q**2 - q + 18. Calculate b(0).
18
Let l(q) = -q + 4. Calculate l(-6).
10
Let r(p) = -39*p**3. Calculate r(1).
-39
Let k(w) = -w**3 + 7*w**2 + 7*w + 7. Determine k(8).
-1
Let g(d) = d**3 + d**2 - d + 34. Calculate g(0).
34
Let w(b) = 37*b**3 - b**2 - 3*b - 2. Calculate w(-1).
-37
Let z(r) = r**3 - 7*r**2 - 8*r - 7. Give z(8).
-7
Let b(s) = -2*s + 12. Calculate b(8).
-4
Let p(b) = 4*b - 4. Calculate p(7).
24
Let k(u) = 3*u - 4. Give k(8).
20
Let z(j) = -2*j**3 - 3*j**2 - j - 2. Determine z(-2).
4
Let u(r) = -r**3 - 8*r**2 - 75. Give u(-9).
6
Let h(p) = 10*p - 24. Give h(3).
6
Let u(w) = 164*w - 816. Give u(5).
4
Let r(f) = -f**2 + 2*f + 21. Calculate r(9).
-42
Let a(m) = -5*m + 27. Determine a(6).
-3
Let v(n) = -n**3 - 4*n**2 + n + 2. Calculate v(-2).
-8
Let c(w) = w**2 + 29*w + 69. Calculate c(-26).
-9
Let t(a) = -a**2 - 13*a + 6. What is t(-14)?
-8
Let y(z) = -2*z**2 + 5*z + 3. Calculate y(4).
-9
Let w(v) = 30*v + 215. Calculate w(-6).
35
Let s(d) = -3*d**2 - 5*d - 2. Give s(-4).
-30
Let y(s) = -s**2 - 5*s + 27. What is y(-9)?
-9
Let n(i) = -i**2 + 6*i + 15. Calculate n(8).
-1
Let u(f) = -f**3 + 6*f**2 - 10*f + 24. Give u(4).
16
Let z(i) = -i**2 + 9*i - 11. What is z(8)?
-3
Let d(x) = x**3 - 21*x**2 + 22*x - 38. What is d(20)?
2
Let o(j) = j**2 - 7*j - 5. Calculate o(8).
3
Let h(y) = y**2 - 6*y - 9. Calculate h(10).
31
Let y(x) = x**3 + 6*x**2 - 4*x + 12. Calculate y(-7).
-9
Let b(y) = -4*y + 9. What is b(-5)?
29
Let w(t) = 5*t**3 + 1. Determine w(1).
6
Let l(o) = 13*o + 20. Calculate l(10).
150
Let l(w) = 21*w + 5. Give l(3).
68
Let x(b) = b**3 - 5*b**2 - 6*b + 11. Determine x(5).
-19
Let r(f) = -2*f**3 + 44*f**2 - 39*f + 27. Determine r(21).
90
Let c(w) = -5*w - 5. What is c(-5)?
20
Let p(v) = 3*v**2 + v - 2. Determine p(1).
2
Let h(l) = -l**2 - 2*l + 36. Give h(9).
-63
Let x(r) = -r**2 - 12*r - 11. What is x(-11)?
0
Let g(y) = y**3 + 6*y**2 - 13*y - 17. What is g(-7)?
25
Let z(p) = p**3 - 16*p**2 - 58*p - 5. What is z(-3)?
-2
Let s(z) = -5*z + 68. What is s(14)?
-2
Let d(j) = 49*j**3 + 2*j**2 - 2*j + 1. Give d(1).
50
Let t(f) = -6*f. Give t(-5).
30
Let r(z) = z**2 - 26*z + 22. What is r(25)?
-3
Let v(d) = -10*d**3 - 2*d**2 - 2*d - 1. What is v(-1)?
9
Let h(p) = 16*p - 30. What is h(10)?
130
Let d(o) = o**2 + 12*o + 5. Determine d(-11).
-6
Let o(u) = u**2 - 17*u + 50. Calculate o(13).
-2
Let j(k) = 2*k - 14. Give j(7).
0
Let f(z) = z**3 - 4*z**2 - 11*z + 6. Determine f(6).
12
Let u(p) = -p**2 + 7*p + 4. Calculate u(5).
14
Let p(h) = -5*h + 10. What is p(3)?
-5
Let x(d) = d**2 - 6*d - 6. Determine x(6).
-6
Let b(r) = -12*r - 17. Determine b(-2).
7
Let p(a) = -a**2 + 7*a. Calculate p(12).
-60
Let q(s) = -10*s**2 + s + 1. Calculate q(-1).
-10
Let c(z) = 2*z**3 + z**2 - 2*z - 1. Give c(-2).
-9
Let c(f) = 28*f**3 - 2*f**2 - 2*f - 1. Calculate c(-1).
-29
Let b(v) = -4*v + 135. Calculate b(27).
27
Let g(n) = 6*n - 4. Give g(-7).
-46
Let k(v) = -2*v**2 + 58*v + 186. What is k(32)?
-6
Let f(a) = a**2 - 22*a + 47. Give f(19).
-10
Let h(b) = -b**3 - 12*b**2 - 14. What is h(-12)?
-14
Let a(h) = -h**3 - 5*h**2 + 5*h - 10. Determine a(-6).
-4
Let b(c) = -2*c + 14. Calculate b(-11).
36
Let g(l) = l**3 + 7*l**2 + 7*l - 2. What is g(-6)?
-8
Let l(z) = -z - 1. Determine l(-4).
3
Let m(h) = -h**3 + 7*h**2 - 7*h + 1. Calculate m(6).
-5
Let w(k) = -4*k**2 + 15*k - 5. Give w(3).
4
Let a(k) = -2*k**3 + 27*k**2 - 15*k + 31. What is a(13)?
5
Let p(a) = a**2 - 5. Give p(0).
-5
Let s(b) = -8*b + 142. Calculate s(18).
-2
Let s(p) = -p**3 + 19*p**2 + 23*p - 41. Give s(20).
19
Let i(c) = c**3 - 6*c**2 + 5*c - 8. Calculate i(5).
-8
Let g(q) = -4*q**2 + 25*q + 4. Determine g(6).
10
Let i(f) = 5*f - 51. Calculate i(9).
-6
Let w(b) = 4*b - 2. What is w(3)?
10
Let f(m) = m**3 - 7*m**2 - 30*m - 6. What is f(10)?
-6
Let o(i) = 2*i**3 - 30*i**2 - 30*i - 38. Give o(16).
-6
Let s(t) = t + 2. What is s(5)?
7
Let o(b) = -b**3 - 3*b**2 - 3*b - 15. Determine o(-3).
-6
Let a(p) = -p**2 - 24*p + 148. What is a(5)?
3
Let p(q) = q**2 + 21*q + 79. Determine p(-5).
-1
Let a(m) = -m**2 + m - 3. What is a(-2)?
-9
Let f(i) = -2*i**2 + 4*i + 17. What is f(4)?
1
Let u(b) = b**2 - 10*b - 12. Calculate u(10).
-12
Let z(m) = -2*m**2 + 16*m + 25. Calculate z(9).
7
Let y(b) = 36*b**2 - 6*b + 13. Calculate y(2).
145
Let x(p) = p**3 - 2*p**2 - 3*p + 2. Calculate x(3).
2
Let d(t) = 2*t - 42. Determine d(25).
8
Let m(g) = -g**3 - 8*g**2 - 5*g + 10. Determine m(-5).
-40
Let s(o) = o**3 + 23*o**2 + 2*o + 66. Give s(-23).
20
Let v(w) = 17*w**2 + w - 1. What is v(-1)?
15
Let l(p) = -5*p**2 + 12*p - 4. Give l(2).
0
Let a(c) = 60*c**3 + 2*c**2 + 4*c + 3. What is a(-1)?
-59
Let i(g) = g**3 + 11*g**2 - 11*g + 1. Calculate i(-12).
-11
Let d(h) = 3*h**2 - 3*h - 2. Calculate d(5).
58
Let g(l) = l + 41. Determine g(-41).
0
Let m(k) = -13*k - 9. Give m(-3).
30
Let j(n) = -8*n**2 - 19*n - 7. Determine j(-3).
-22
Let n(b) = -b**3 + 11*b**2 + 7*b + 29. What is n(12)?
-31
Let w(o) = 3*o + 12. Calculate w(4).
24
Let c(i) = i**2 - i - 4. Calculate c(4).
8
Let r(f) = 2*f**2 - 3*f - 8. Calculate r(6).
46
Let x(f) = -2*f - 13. What is x(-4)?
-5
Let n(i) = i**3 - 7*i**2 - 8*i + 10. Calculate n(8).
10
Let d(n) = n**3 + n**2 + 49. Determine d(0).
49
Let c(m) = m**3 - 11*m**2 + 10*m - 8. Calculate c(10).
-8
Let d(g) = -3*g**3 + 4*g**2 - 4*g + 2. Calculate d(2).
-14
Let f(c) = 2*c**2 + 24*c + 6. What is f(-11)?
-16
Let z(a) = -3*a**2 - 16*a + 12. Give z(-8).
-52
Let w(k) = k**3 + 2*k**2 + 2*k + 1. What is w(0)?
1
Let d(v) = -2*v**2 - 6*v + 2. Give d(-6).
-34
Let z(v) = -v**2 + 7*v - 23. Determine z(12).
-83
Let z(y) = -y**3 - 5*y**2 + 4*y + 4. Determine z(-7).
74
Let r(m) = -9*m + 2. Calculate r(-2).
20
Let p(h) = h**3 - 5*h**2 + 2*h - 5. Determine p(5).
5
Let k(a) = -5*a**2 + 59*a - 35. Give k(11).
9
Let n(z) = 3*z + 10. Calculate n(0).
10
Let f(p) = -p**2 - 13*p - 3. What is f(-9)?
33
Let j(p) = 5*p**2 - 2*p - 9. What is j(-2)?
15
Let z(o) = o**3 + 9*o**2 - 7*o + 16. Determine z(-10).
-14
Let i(j) = -j**3 + 9*j**2 - 6*j - 8. Give i(8).
8
Let q(m) = -m**2 - 16*m - 30. Give q(-12).
18
Let t(j) = -j**2 - 7*j + 25. Calculate t(-11).
-19
Let k(b) = 8*b**3 + 2*b + 1. Calculate k(-1).
-9
Let y(f) = f**3 - 4*f**2 - 11*f - 13. Determine y(6).
-7
Let z(j) = -4*j**3 + 30*j**2 + 20*j - 11. Give z(8).
21
Let l(v) = -v**3 - 10*v**2 - 2*v - 13. Give l(-10).
7
Let g(p) = 3*p + 27. What is g(-7)?
6
Let c(l) = l**3 + 13*l**2 + 17*l + 12. Calculate c(-12).
-48
Let t(m) = m**3 - 2*m**2 - 2*m - 20. What is t(0)?
-20
Let h(k) = 18*k**2 + 2*k - 3. What is h(2)?
73
Let r(w) = -25*w + 1. Give r(1).
-24
Let l(v) = -3*v + 7. Calculate l(0).
7
Let n(o) = -o**2 + 8*o - 14. Calculate n(7).
-7
Let l(i) = 2*i + 28. Give l(-18).
-8
Let f(s) = -5*s - 26. Determine f(-6).
4
Let z(i) = -14*i + 21. Calculate z(3).
-21
Let c(g) = g**2 + 9*g + 14. Calculate c(-10).
24
Let k(y) = -3*y + 12. Calculate k(6).
-6
Let w(o) = -5*o + 8. Give w(4).
-12
Let t(o) = -o**3 + 5*o**2 - 3*o + 3. Calculate t(4).
7
Let r(b) = -b**2 - 17*b + 22. Determine r(-20).
-38
Let c(q) = 5*q**2 + 4*q + 2. Give c(-1).
3
Let y(o) = o**3 + 12*o**2 + o - 5. Calculate y(-12).
-17
Let o(n) = -2*n**3 - n**2 + 3*n + 2. Calculate o(-2).
8
Let d(r) = -8*r + 4. Determine d(-3).
28
Let x(o) = o**2 + 53*o + 241. Calculate x(-5).
1
Let z(f) = -f**2 + 22*f - 109. Give z(14).
3
Let r(a) = a**3 + 6*a**2 + a + 5. Give r(-6).
-1
Let l(d) = -d**3 + 14*d**2 - 22*d - 16. Calculate l(12).
8
Let j(z) = z - 11. Calculate j(7).
-4
Let t(l) = l**2 - 3*l - 8. What is t(6)?
10
Let x(d) = d - 16. What is x(17)?
1
Let q(u) = -59*u - 118. Give q(-2).
0
Let z(f) = f**3 - 16*f**2 + 64*f - 3. Calculate z(7).
4
Let h(u) = 2*u**2 - 11*u + 13. Determine h(5).
8
Let q(c) = 3*c - 18. Calculate q(-4).
-30
Let x(g) = 19*g - 106. What is x(6)?
8
Let c(i) = i**3 + 19*i**2 + 26*i - 8. Give c(-18).
-152
Let c(g) = g**2 + 6*g + 9. Give c(-4).
1
Let w(h) = h**3 - 6*h**2 - 2*h + 32. Calculate w(5).
-3
Let v(l) = 3*l - 7. Determine v(2).
-1
Let j(x) = 3*x**3 - 9*x**2 + 1. What is j(4)?
49
Let a(g) = -7*g - 3. Calculate a(-2).
11
Let u(g) = g**2 + 71*g + 712. Determine u(-59).
4
Let n(c)